me factors of 3319.
3319
List the prime factors of 11432.
2, 1429
List the prime factors of 2414.
2, 17, 71
List the prime factors of 2676.
2, 3, 223
List the prime factors of 7072.
2, 13, 17
What are the prime factors of 5933?
17, 349
List the prime factors of 12185.
5, 2437
What are the prime factors of 19?
19
List the prime factors of 923.
13, 71
List the prime factors of 721.
7, 103
List the prime factors of 1755.
3, 5, 13
List the prime factors of 8323.
7, 29, 41
List the prime factors of 5210.
2, 5, 521
What are the prime factors of 61204?
2, 11, 13, 107
What are the prime factors of 120730?
2, 5, 12073
What are the prime factors of 167407?
167407
What are the prime factors of 3238?
2, 1619
What are the prime factors of 1807?
13, 139
List the prime factors of 2667.
3, 7, 127
What are the prime factors of 211?
211
What are the prime factors of 95767?
7, 13681
What are the prime factors of 1145?
5, 229
List the prime factors of 1197.
3, 7, 19
List the prime factors of 6023.
19, 317
List the prime factors of 86.
2, 43
List the prime factors of 80707.
11, 23, 29
What are the prime factors of 11342?
2, 53, 107
What are the prime factors of 1286?
2, 643
List the prime factors of 12262.
2, 6131
List the prime factors of 48238.
2, 89, 271
What are the prime factors of 4206?
2, 3, 701
What are the prime factors of 52022?
2, 19, 37
List the prime factors of 12174.
2, 3, 2029
What are the prime factors of 8677?
8677
What are the prime factors of 11416?
2, 1427
What are the prime factors of 25688?
2, 13, 19
List the prime factors of 2788.
2, 17, 41
List the prime factors of 6341.
17, 373
What are the prime factors of 19090?
2, 5, 23, 83
What are the prime factors of 14740?
2, 5, 11, 67
List the prime factors of 2039.
2039
List the prime factors of 16.
2
List the prime factors of 10284.
2, 3, 857
What are the prime factors of 14713?
14713
What are the prime factors of 1586?
2, 13, 61
What are the prime factors of 16052?
2, 4013
What are the prime factors of 17818?
2, 59, 151
List the prime factors of 914.
2, 457
List the prime factors of 17741.
113, 157
What are the prime factors of 469?
7, 67
What are the prime factors of 41013?
3, 7, 31
What are the prime factors of 3199?
7, 457
What are the prime factors of 6383?
13, 491
What are the prime factors of 48140?
2, 5, 29, 83
What are the prime factors of 1377?
3, 17
What are the prime factors of 44496?
2, 3, 103
What are the prime factors of 400?
2, 5
List the prime factors of 25441.
13, 19, 103
List the prime factors of 5916.
2, 3, 17, 29
List the prime factors of 566.
2, 283
What are the prime factors of 1169?
7, 167
List the prime factors of 1460.
2, 5, 73
List the prime factors of 2073.
3, 691
List the prime factors of 2314.
2, 13, 89
List the prime factors of 2511.
3, 31
What are the prime factors of 88290?
2, 3, 5, 109
List the prime factors of 4957.
4957
What are the prime factors of 1440?
2, 3, 5
List the prime factors of 39136.
2, 1223
List the prime factors of 88.
2, 11
List the prime factors of 39228.
2, 3, 7, 467
What are the prime factors of 8061?
3, 2687
List the prime factors of 80063.
23, 59
What are the prime factors of 66226?
2, 33113
List the prime factors of 988.
2, 13, 19
What are the prime factors of 2893?
11, 263
List the prime factors of 35.
5, 7
List the prime factors of 11881.
109
List the prime factors of 2733.
3, 911
List the prime factors of 10530.
2, 3, 5, 13
What are the prime factors of 64892?
2, 16223
List the prime factors of 2572.
2, 643
List the prime factors of 8501.
8501
List the prime factors of 47281.
13, 3637
What are the prime factors of 192681?
3, 79, 271
List the prime factors of 3870.
2, 3, 5, 43
List the prime factors of 1104.
2, 3, 23
What are the prime factors of 1686?
2, 3, 281
What are the prime factors of 14586?
2, 3, 11, 13, 17
List the prime factors of 39023.
39023
List the prime factors of 26854.
2, 29, 463
List the prime factors of 25443.
3, 11, 257
List the prime factors of 3892.
2, 7, 139
What are the prime factors of 7792?
2, 487
What are the prime factors of 334?
2, 167
List the prime factors of 91215.
3, 5, 2027
List the prime factors of 5194.
2, 7, 53
What are the prime factors of 1448?
2, 181
List the prime factors of 2718.
2, 3, 151
List the prime factors of 1098.
2, 3, 61
What are the prime factors of 5696?
2, 89
What are the prime factors of 1283?
1283
List the prime factors of 2530.
2, 5, 11, 23
List the prime factors of 33039.
3, 3671
List the prime factors of 2259.
3, 251
List the prime factors of 2915.
5, 11, 53
List the prime factors of 12913.
37, 349
List the prime factors of 781.
11, 71
What are the prime factors of 850?
2, 5, 17
List the prime factors of 643.
643
What are the prime factors of 78284?
2, 19571
List the prime factors of 905.
5, 181
What are the prime factors of 32059?
32059
List the prime factors of 51143.
199, 257
What are the prime factors of 24548?
2, 17, 19
What are the prime factors of 708?
2, 3, 59
List the prime factors of 1920.
2, 3, 5
What are the prime factors of 5730?
2, 3, 5, 191
What are the prime factors of 137592?
2, 3, 7, 13
List the prime factors of 64159.
83, 773
List the prime factors of 33696.
2, 3, 13
What are the prime factors of 1231?
1231
List the prime factors of 6662.
2, 3331
List the prime factors of 201.
3, 67
List the prime factors of 8521.
8521
List the prime factors of 9845.
5, 11, 179
What are the prime factors of 6586?
2, 37, 89
List the prime factors of 1408.
2, 11
What are the prime factors of 22666?
2, 7, 1619
List the prime factors of 15611.
67, 233
List the prime factors of 90157.
89, 1013
List the prime factors of 64867.
11, 5897
What are the prime factors of 2447?
2447
List the prime factors of 14048.
2, 439
What are the prime factors of 2185?
5, 19, 23
List the prime factors of 10994.
2, 23, 239
List the prime factors of 3244.
2, 811
List the prime factors of 72812.
2, 109, 167
What are the prime factors of 5855?
5, 1171
List the prime factors of 27938.
2, 61, 229
List the prime factors of 1282.
2, 641
What are the prime factors of 5345?
5, 1069
List the prime factors of 11081.
7, 1583
List the prime factors of 4049.
4049
List the prime factors of 2522.
2, 13, 97
List the prime factors of 4123.
7, 19, 31
List the prime factors of 15736.
2, 7, 281
What are the prime factors of 102652?
2, 11, 2333
List the prime factors of 1199.
11, 109
What are the prime factors of 5818?
2, 2909
What are the prime factors of 9876?
2, 3, 823
What are the prime factors of 2111?
2111
List the prime factors of 12638.
2, 71, 89
List the prime factors of 2584.
2, 17, 19
List the prime factors of 2571.
3, 857
List the prime factors of 66.
2, 3, 11
List the prime factors of 14092.
2, 13, 271
What are the prime factors of 68?
2, 17
What are the prime factors of 26257?
7, 11, 31
List the prime factors of 92133.
3, 29, 353
What are the prime factors of 59109?
3, 17, 19, 61
List the prime factors of 37998.
2, 3, 2111
What are the prime factors of 1383?
3, 461
List the prime factors of 810.
2, 3, 5
List the prime factors of 2731.
2731
What are the prime factors of 64802?
2, 32401
List the prime factors of 24623.
24623
List the prime factors of 42786.
2, 3, 2377
List the prime factors of 5212.
2, 1303
What are the prime factors of 26921?
26921
List the prime factors of 39965.
5, 7993
What are the prime factors of 49425?
3, 5, 659
List the prime factors of 426.
2, 3, 71
What are the prime factors of 56068?
2, 107, 131
What are the prime factors of 67115?
5, 31, 433
List the prime factors of 859.
859
List the prime factors of 25822.
2, 12911
What are the prime factors of 21072?
2, 3, 439
What are the prime factors of 83374?
2, 41687
List the prime factors of 3164.
2, 7, 113
What are the prime factors of 8595?
3, 5, 191
List the prime factors of 12863.
19, 677
List the prime factors of 820.
2, 5, 41
List the prime factors of 28600.
2, 5, 11, 13
What are the prime factors of 757?
757
List the prime factors of 1956.
2, 3, 163
List the prime factors of 93787.
93787
List the prime factors of 8131.
47, 173
What are the prime factors of 343?
7
What are the prime factors of 17772?
2, 3, 1481
What are the prime factors of 1731?
3, 577
What are the prime factors of 1416?
2, 3, 59
List the prime factors of 474.
2, 3